Suppose 8 = i*s - 3*s. List the prime factors of (5 + s)*((-837)/(-6))/9.
3, 31
Let d = 738 + -739. Let j(k) = -1622*k - 54. List the prime factors of j(d).
2, 7
Suppose 9*r - 38 = z + 10*r, 3*z - 4*r + 79 = 0. Let n = -42 - -64. What are the prime factors of 4/n + (-1413)/z?
43
Let x = -34561 - -62704. What are the prime factors of x?
3, 53, 59
List the prime factors of (7/(-2))/(-6*(-7)/(-35868)).
7, 61
Let s(p) be the first derivative of -p**2/2 - 6*p - 17. Let z be s(-10). What are the prime factors of ((-15)/12)/(z/(-128))?
2, 5
List the prime factors of ((4/(-9))/(1/3))/(2572/(-61060566)).
2, 7, 17, 19
Let x(c) = -35*c + 12. Let l be x(-9). Let n = 156 - l. Let g = n + 253. What are the prime factors of g?
2, 41
What are the prime factors of (-1 + 1249/(-5))*1845/(-82)?
3, 11, 19
Let i(a) = -143*a - 683. What are the prime factors of i(-6)?
5, 7
Let n(y) = -y**3 + 3*y**2 + 4*y - 2. Let k(s) = -s - 12. Let f be k(-9). List the prime factors of n(f).
2, 5
Let h(q) = 20113*q + 124. What are the prime factors of h(4)?
2, 1259
Let c(p) = -5*p**2 - 26*p + 95. Let s be c(21). Let r = -1778 - s. List the prime factors of r.
2, 439
Suppose 3*u + 3 = 2*l, -4*l + 0 + 10 = -2*u. Suppose 0 = l*k + 41 - 35, -5*k = -5*n + 6655. List the prime factors of n.
3, 443
Suppose 32*d - 27*d = 20. What are the prime factors of 666/d + 35/(-10) + 4?
167
Suppose -2*q - 55 = 2*f - 1, -f - 4*q - 42 = 0. Let r = f + 29. What are the prime factors of 16/(-28) - (-473)/r?
67
What are the prime factors of (1/(5/137))/(((-78)/(-4170))/13)?
137, 139
Suppose -289625 = -47*w - 1045. List the prime factors of w.
2, 5, 307
Let u be (36/20)/3 + (-12)/20. Let k(x) = x + 288. List the prime factors of k(u).
2, 3
Let b(d) = -21*d + 20*d + 22*d + 29 + 35*d. List the prime factors of b(13).
757
Let z = 464 + -459. Suppose -j = -z*r - 1348, -r + 6890 = 5*j + 4*r. What are the prime factors of j?
1373
Let w(z) = -8*z**3 + 8*z**2 + 51*z + 24. Let g(n) = -5*n**3 + 4*n**2 + 26*n + 12. Let o(s) = 5*g(s) - 3*w(s). What are the prime factors of o(-6)?
2, 3, 11
Let s = 16020 + 26531. What are the prime factors of s?
17, 2503
Let a = -269 - -271. Let t(d) = 23*d + 4. Let v be t(4). Suppose 4*l - 116 = -a*y, 0 = -2*y - 2*l + 3*l + v. What are the prime factors of y?
2, 5
Let n(a) = 20*a + 56. Suppose 3*l = -4*c + 54, 5*l = -c - 0 + 5. What are the prime factors of n(c)?
2, 89
Suppose 176*h - 113274 = 114*h. What are the prime factors of h?
3, 7, 29
Suppose -7*u - 727 = -2*u + 2*s, u + 167 = 5*s. Suppose 0 = -4*n + 4, w + w + 5*n + 439 = 0. Let t = u - w. List the prime factors of t.
3, 5
Let y be (3/(-5))/(102/(-850)). Suppose -y*n = 10, -5*n = -g + 6*g - 1235. What are the prime factors of g?
3, 83
Let o = -192 - -170. What are the prime factors of ((-2)/5)/((o/820)/11)?
2, 41
Let v(p) = 26*p**2 + 229*p + 56. What are the prime factors of v(17)?
3, 3821
Let v(o) = o**2 - 7*o + 12. Let y be v(5). Let r(g) = 8*g**2 - 5*g - 2. Let w be r(y). List the prime factors of ((-452)/6)/(w/(-30)).
113
Let x = 210 + -195. List the prime factors of (-1624)/(-30) - 28/3150*x.
2, 3
Let f(z) = z**3 + 5*z**2 + 3*z + 1. Let k be f(-4). Let u = k + -3. Suppose -3*h + 37 = -3*x + 361, 0 = -u*h - 2. What are the prime factors of x?
107
Suppose -2*w = -6, -13*w - 10 = 4*u - 11*w. Suppose -5*y - 262 = 2*j, -46 = y + 4*j - 2*j. What are the prime factors of y*((-6)/(-24))/(1/u)?
2, 3
Suppose 2*y = 10 + 20. Suppose y = -3*z - f + 6, 5*z + 1 = 3*f. What are the prime factors of ((-330)/4)/3*z?
5, 11
Suppose -4*j + j - 840 = 0. Suppose 4*q - 2*m = 1708, 5*q = 7*q + 2*m - 866. Let s = j + q. List the prime factors of s.
149
Suppose 410*g = 6677881 - 114376 + 4389235. What are the prime factors of g?
2, 19, 37
Let q = 1874 + -787. Let k = -574 + q. Suppose 8*d - 263 = k. List the prime factors of d.
97
Let l = 50 - 50. Let r be (l/2)/4 - -2. Suppose -5*h = -t + 79, -6*h + h - 143 = -r*t. What are the prime factors of t?
2
Let z be (-10 - -11) + 366*1. Let x = z + 129. List the prime factors of x.
2, 31
Let j be (-2 - (-35)/25)/((-2)/(-20)). Let i(h) = -142*h - 34. List the prime factors of i(j).
2, 409
Let k be (196/35 + -5)/(2/(-10)). Let f be (((-3)/2)/k)/((-42)/(-252)). Suppose -4*s + 3*g + 5 = 0, -5*s - f*g + 8 + 5 = 0. List the prime factors of s.
2
Let n = 69427 + -19628. What are the prime factors of n?
19, 2621
Let n = 104051 + -14374. List the prime factors of n.
7, 23, 557
Let z = 142 + 657. List the prime factors of z.
17, 47
Let j(q) = -3*q + 17. Let b be j(-24). Suppose 4*v - b = -t, 43 = -4*v - 4*t + 147. Suppose 20*x - v*x + 189 = 0. What are the prime factors of x?
3, 7
Suppose -277 = -j - 57 + 52. What are the prime factors of j?
2, 17
Suppose 5*a + 3*z = 69959, -10*a - a + z + 153963 = 0. What are the prime factors of a?
2, 3499
Let q = 55 - 13. Suppose -q*m + 43*m = 457. List the prime factors of m.
457
Suppose -3*h - 2*t + 4636 = 630, -3*t = 5*h - 6676. Suppose 0 = 11*n + h - 8506. What are the prime factors of n?
2, 163
Let c(n) = 69*n**3 + 8*n**2 + 9*n - 18. List the prime factors of c(7).
2, 23, 131
Suppose -18*z = -1445 - 535. List the prime factors of z.
2, 5, 11
Let w(t) = 136*t**2 - 223*t + 113. List the prime factors of w(21).
2, 13, 2131
Let r = -10602 - -21237. What are the prime factors of r?
3, 5, 709
Suppose 3*m + 5*d - 53 = -0*d, -5*m + 35 = -5*d. Suppose -m*l = -10*l + 243. Let p = 379 + l. What are the prime factors of p?
2, 17
Let k = 48085 - 27660. List the prime factors of k.
5, 19, 43
Let w = 19 + 32. Let d(u) = 12*u**3 - u**2 - 4. Let a be d(2). Let v = a - w. What are the prime factors of v?
37
Let h(p) = -2*p**3 + 12*p**2 - 101*p - 955. What are the prime factors of h(-16)?
3, 5, 53
Let a(z) = 12753*z**3 + z**2 + 24*z - 25. List the prime factors of a(1).
3, 13, 109
List the prime factors of 2070400/64 - (0 - 25).
5, 7, 37
Let i(d) = 192*d - 1825. What are the prime factors of i(45)?
5, 29, 47
What are the prime factors of 70/(-245) - 3174/(5/((-260)/56))?
7, 421
Let h = 1085 + -223. Let x(m) = -862 + h - 92*m**3. List the prime factors of x(-1).
2, 23
Let k(b) = -19*b + 131. Let u be k(-4). Let p be (-4090)/(-18) - 2/9. Suppose a + 5*w = u, a - p = -4*w - 22. What are the prime factors of a?
197
Suppose 3*r = -0*t + t + 6, -5*r - 5*t + 10 = 0. Suppose 3*g + r*g + 5*x - 1560 = 0, -4*x - 971 = -3*g. What are the prime factors of g?
317
Suppose 126 = 12*j - 10*j. Suppose -d = -j - 388. What are the prime factors of d?
11, 41
Let o = 36499 - 18190. List the prime factors of o.
3, 17, 359
Suppose -3*k + 3*w - 352 = 338, -3*w + 1142 = -5*k. List the prime factors of 12*k*7/(-42).
2, 113
Let p be 6/15 + 10/(-25). Suppose m - 159 - 7 = p. List the prime factors of m.
2, 83
Let j be (-6 + 6)/(-1 - (3 - 0)). Suppose -13*w - 88 = -x - 15*w, j = -x - 4*w + 98. What are the prime factors of x?
2, 3, 13
Suppose 0 = -4*s - 4*j + 30824, -13*j + 12*j - 23130 = -3*s. List the prime factors of s/26 - (-3)/(-6).
2, 37
Suppose n + 2*x - 8 = -4, -3*n + 3*x + 3 = 0. Suppose j - 4*k = 649, n*j + 1328 = 4*j + 2*k. List the prime factors of j.
661
Suppose 0 = -14*y + 4*y + 1510. Suppose -q - 485 = 4*q. Let c = y - q. What are the prime factors of c?
2, 31
Let b = 46 + -48. Let i be 2 + 186 - (4 + b). Let s = -69 + i. List the prime factors of s.
3, 13
List the prime factors of (-6 - -7)/1 + 8678.
3, 11, 263
Let a = 14419 + -6772. List the prime factors of a.
3, 2549
Let c(g) = 1971*g + 718. List the prime factors of c(5).
97, 109
Let b(a) = 98*a - 23. Let w(j) = -97*j + 28. Let s(m) = -3*b(m) - 2*w(m). List the prime factors of s(-2).
3, 71
Suppose 8064 + 4666 = 5*p. List the prime factors of p.
2, 19, 67
Let u(d) = d**3 + 8*d**2 + 9*d - 7. Let l be u(-5). Suppose 5*x - 4*x - l = 0. What are the prime factors of (-1 + x)*2/4?
11
Let a(l) = 93*l**2 + 28*l + 143. What are the prime factors of a(-5)?
2, 3, 97
Let y = 104 - 100. Suppose -y*p - 144 = -924. What are the prime factors of p?
3, 5, 13
Let h(y) = 40*y**2 - 53*y - 5. Let r be h(-12). Suppose 0 = -14*d + r - 1239. List the prime factors of d.
2, 23
Let d = -634 - -648. Suppose 2071 = d*f - 449. What are the prime factors of f?
2, 3, 5
Let n = 212 + -214. What are the prime factors of (-21)/n*520/70?
2, 3, 13
Let t = -25111 - -51590. What are 